t z(l) = 4*h(l) - w(l). Calculate z(5).
-4
Let w(u) = 2*u**2 + 13*u - 38. Let p = -104 + 93. Let z be w(p). Let d = 67 - z. Let y(r) = r**3 - 7*r**2 + 5*r + 3. Calculate y(d).
-3
Let z(t) = -33279*t - 150 - 26*t**2 + 25*t**2 + 33304*t. Calculate z(15).
0
Let d(h) = h**2 + 29*h - 206. Let f be d(-35). Let g(t) = 2*t**2 - 12*t + 25. Calculate g(f).
9
Suppose 0 = 17*o - 27*o - 90. Let q be 20/4 + o + 1. Let k(d) = -2*d**3 - 4*d**2 - 4. What is k(q)?
14
Let z(w) = -11*w**2 + 12*w + 19. Let t(f) = -61*f**2 + 58*f + 95. Let l(x) = -2*t(x) + 11*z(x). Calculate l(-14).
-9
Let i(p) = -3*p - 8. Let n(h) = h. Let f(q) = -i(q) - 4*n(q). Let t be (-6 - (1 + -5))*-6. Suppose 0 = 8*a + t + 44. What is f(a)?
15
Let w(h) = 17 + 10 - 52 + 17 + 14. Let a(q) = -q - 13. Let k(p) = a(p) + 2*w(p). Let t(j) = -j - 7. Let r be t(-6). Give k(r).
0
Let d be (16/6)/((-6)/(-9)). Let r(w) = 4 + 3*w**2 - 2 + 0 + 6*w - d*w**2. Calculate r(7).
-5
Suppose 361*c + 0 + 1510 = 663*c. Let r(b) = -2*b**2 - 5*b - 3. Calculate r(c).
-78
Let h(v) = -23*v + 191. Let f(r) = 5*r**3 + 35*r**2 + 27*r - 10. Let c be f(-6). Calculate h(c).
7
Let u = 0 - -1. Let r(w) = 4*w + 3*w**2 - 3*w + 4*w - w**3 + u. Let p(s) = -s**2 - 12*s + 257. Let d be p(-23). What is r(d)?
5
Let w(d) = -d**3 - 7*d**2 - 11*d. Let z be w(-5). Suppose -4*c + z*b + 19 = 0, -3*c - 4*b = b - 23. Let x(r) = -r**3 + 6*r**2 + 7*r + 5. Determine x(c).
47
Let z = 5878 - 5882. Let b(h) = -2*h**2 + h + 4. What is b(z)?
-32
Let g(b) be the first derivative of 5*b**4/2 + b**2/2 + 3. Let v = 443 - 441. Let z be (-32)/16 + 2/v. Determine g(z).
-11
Let i(a) = -8*a - 7. Suppose -4*r - 2*j - 34 = 0, 9*j - 37 = 4*r + 12*j. What is i(r)?
49
Suppose 45 = 38*b - 29*b. Let x be -9 + 16 - 6 - b. Let i(o) = o**2 + 2*o - 9. What is i(x)?
-1
Let c(w) = 776*w**2 - 6*w - 7*w - 10 - 6 + 0*w**3 + w**3 - 791*w**2. Calculate c(16).
32
Let p(t) = -65*t + 7. Let v be p(1). Let g = v - -108. Let x = g + -51. Let z(r) = -r**3 - r**2 - r. Determine z(x).
1
Let c(q) = 3*q**3 + 55*q**2 + 41*q + 405. Let y be c(-18). Let p(k) = 6*k**2 + 53*k - 16. Calculate p(y).
-7
Let s be 15*1/(-3)*(-4)/(-10). Let f be 3/(((-4)/(-1))/4 + s). Let v(q) = -7*q - 2. Determine v(f).
19
Let r(t) be the third derivative of 41*t**2 + 0*t + 0 - 1/24*t**4 - 2/3*t**3. Give r(-6).
2
Let q(a) = a**2 + 10*a - 4. Let k = -70 - -83. Suppose 5*p + k = g - 0*p, -3*g = 2*p - 5. Suppose -19 = -j + g*j - f, -f + 8 = -j. What is q(j)?
7
Let o(g) = 2*g**2 - 13*g - 7. Let w be o(7). Let n be (24/(-14))/((-4)/28). Suppose w = -8*y + n*y - 28. Let x(p) = p**2 - 9*p + 9. What is x(y)?
-5
Let g(x) = 3*x - 4. Let u(z) = -50*z + 72. Let a(l) = 36*g(l) + 2*u(l). Calculate a(1).
8
Suppose 59 = -2*a + 171. Let c(h) = -7*h + 74 + 6*h - a. Give c(8).
10
Let k(u) be the first derivative of -27 - u + 1/3*u**3 - 5/2*u**2. Let s(q) = -q**2 + 4*q + 4. Let f be s(4). Give k(f).
-5
Let n be 70/(-315) + (-1)/((-18)/58). Let r(g) = n - 5 + g**2 - 8 - 6*g. Let h(u) = -u**2 - 12*u - 13. Let l be h(-10). Calculate r(l).
-3
Suppose -3 = -3*d + 2*t, -2*d + 4*t - 4068 = -4094. Let q(o) = -4 - 2*o + 5*o - o**3 + 5*o**2 + 2*o**3. What is q(d)?
-19
Let c(a) = a**2 + 2*a - 3. Let v(l) be the first derivative of -2*l**3 - 9*l**2/2 + 16*l - 66. Let b(d) = 11*c(d) + 2*v(d). Calculate b(2).
3
Let v(q) = 6*q**3 + 4*q**2 + 16*q - 215. Let w(z) = -5*z**3 - 4*z**2 - 17*z + 191. Let p(d) = 6*v(d) + 7*w(d). Calculate p(6).
-19
Let v(f) = 5*f**3 - 19*f**2 - 6*f - 25. Let l(x) = -2*x**3 + 7*x**2 + 2*x + 9. Let r(m) = 8*l(m) + 3*v(m). Suppose -2*q - 4 = 2. Calculate r(q).
21
Let q be ((-6)/15)/(4/(-80)). Let x(n) = -127 - n - 144 + 413 - 128. What is x(q)?
6
Let n(b) be the second derivative of b**5/20 + b**4 - 17*b**3/6 + 13*b**2 + b + 7302. Give n(-13).
78
Let z(j) = -j**3 - 11*j**2 - 11*j - 12. Let r = 55 + -36. Suppose -9*y - 1 = -r. Let w(o) = -5*o. Let h be w(y). Give z(h).
-2
Let n(g) be the second derivative of 0*g**2 - 1/6*g**3 - 8*g + 0*g**4 - 1/360*g**6 - 1/40*g**5 + 0. Let x(u) be the second derivative of n(u). Give x(-4).
-4
Suppose h - 140 = -3*w, h + 4*w - 93 - 46 = 0. Suppose 133 - h = 10*y. Let k(r) = -2*r**3 - r**2 - r - 1. Give k(y).
1
Let d(t) = -2*t**2 - 1. Let l(s) = s**3 + 15*s**2 + 2*s + 9. Let r(m) = 6*d(m) + l(m). Determine r(-2).
3
Let n(f) = -3*f**2 + 76*f - 36. Suppose 191*l + 132*l = -145*l + 11700. Determine n(l).
-11
Let d = 50 - 49. Suppose -i = -6 - d. Let y(l) = 2*l**3 - l + 4*l**3 - 2*l**2 + 0*l**3 + 1 - i*l**3. Give y(-2).
3
Let s(p) = 6*p**2 - 3*p + 1. Let x(m) = -3*m + 5. Let y be x(1). Suppose 0 = y*g + 2*b - 14, 5*b - 23 = g - 0*b. Calculate s(g).
19
Let z(g) = -g**3 + 5*g**2 + 2*g - 10. Suppose -2*a + 14 = 4*w, -w = -0*w + 3*a + 4. Let h be z(w). Let d(t) = t**2 + t - 22. Determine d(h).
-22
Let z(h) be the second derivative of h**6/360 - 3*h**5/40 + 7*h**4/24 - h**3/2 - 9*h**2 - 6*h - 4. Let j(n) be the second derivative of z(n). Calculate j(8).
-1
Let b(n) = 577*n - 2305. Let x be b(4). Let v(d) = -11*d + 5. Determine v(x).
-28
Let y(d) = -21*d**2 + 125*d + 8. Let r = 16193 + -16187. What is y(r)?
2
Let o = 37 + -37. Let r(l) = -1 + o + l + 1 - 3. Give r(-3).
-6
Let v(x) = -x**3 - 6*x**2 + 2*x + 5. Let a(g) = -8*g + 2. Suppose -3 = 7*z + 11. Let m(q) = q**2 + 3*q + 3. Let f be m(z). Let c be a(f). What is v(c)?
-7
Let v(x) be the first derivative of -x**3/3 + 3*x**2 - 12*x + 2709. Determine v(5).
-7
Let o(d) = 92*d + 193. Let j(h) = 139*h + 312. Let y(s) = -5*j(s) + 7*o(s). Give y(-4).
-5
Suppose 3*z - 19 - 6 = -4*y, 5*y - 29 = -3*z. Suppose z*j + 0*j - 32 = s, -73 = 4*s - j. Let a(p) = p + 15. What is a(s)?
-2
Let r(w) = w**3 + 4*w**2 + 4*w + 3. Let z(u) = 5*u + 74. Let a be z(-13). Suppose 0 = -3*p + a - 15. Give r(p).
3
Let p(c) = c**2 + 11*c + 11. Let r be (-6)/57 + -150*(-16)/(-304). What is p(r)?
-13
Suppose 0 = 4*d + 2*h + 11 + 9, 17 = -3*d - h. Let c be 900/(-63) - 2/d. Let f = 13 + c. Let n(m) = -10*m**2 - m. Give n(f).
-9
Let x(u) be the first derivative of u**3/3 + 5*u**2/2 + 818. Let r(f) = -f**3 - 8*f**2 - 5*f + 9. Let d be r(-7). What is x(d)?
0
Let f(d) = -d - 10. Let x be (0 - 5)*8/40. Let o be (((-4)/(-12))/x)/(8/264). Calculate f(o).
1
Let u(x) = -19*x**2 - 7*x - 3*x - 7 - 45*x**3 + 43*x**3. Let y be u(-9). Suppose -y = f - 7. Let a(q) = 2*q - 7. Give a(f).
3
Let n(t) be the third derivative of -t**4/24 - 3*t**3/2 + 858*t**2. Suppose u - 4*p - 16 = -5*p, 4*u = -5*p + 67. Let d = 8 - u. What is n(d)?
-4
Let i(r) = r - 10. Let u(l) be the first derivative of -l**4/4 - l**3 + 9*l**2 + 9*l + 72. Let s be u(-6). Determine i(s).
-1
Let x(b) = -19*b - 190. Let m be x(-10). Let j be m/(2 + -11 + 6). Let c(a) = -a**3 - a**2 - a - 6. Calculate c(j).
-6
Let g(s) = 2*s**3 - 15*s**2 - 4*s + 14. Let h be -11 + 17 - ((-6)/4*2 + 1). Calculate g(h).
46
Let u(y) be the first derivative of -y**5/20 + 5*y**4/6 + 11*y**3/6 - y**2/2 + 52*y - 108. Let p(t) be the first derivative of u(t). Calculate p(11).
-1
Suppose i = 4*c + 12, 3*c + 19 = -5*i - 13. Suppose -t + 0*t + 2 = 0. Let q(m) = -1 - 1 + 3*m**2 - 4*m**t. What is q(i)?
-18
Let m(x) = 0*x + 81 - 3*x**3 - 73 + 2*x**3 - x + 16*x**2. Calculate m(16).
-8
Suppose -3*o = 2 - 11. Let j be (-100 - (o + -3))*8/(-16). Suppose 8*m + j = 10. Let f(x) = 3*x. Calculate f(m).
-15
Let u(m) = 34*m**2 + 6*m**3 + 153 - 5*m**3 + 88*m + 21*m - 9*m - 31*m. Determine u(-32).
-7
Let g(n) = n**3 + 14*n**2 + 45*n + 54. Let k be g(-10). Let a(h) = 25 + 0*h**3 + k*h + 6*h**3 - 56 + 3*h**2 - 7*h**3 + 30. Determine a(4).
-1
Let i(s) = 12*s + 5. Let f(c) = 27*c - 274. Let b(p) = -f(p) + 3*i(p). Give b(-35).
-26
Let g(p) = p**3 - 11*p**2 + 19*p - 3. Suppose -7*y + 59 + 4 = 0. Let a be g(y). Let u(n) = -65*n**2 - 2 + 30*n**2 + 34*n**2 + 7*n. Give u(a).
4
Let o(t) = t**3 + 41*t**2 + 29*t - 4. Let r(v) = v**3 + 51*v**2 + 29*v - 5. Let x(b) = 4*o(b) - 3*r(b). Give x(-7).
-8
Let f(t) = 9*t**2 - 33*t + 15. Let o(n) = -10*n + 5*n**2 - 7*n + 11 - 3. Let q(u) = 6*f(u) - 11*o(u). Let v(w) = -85*w - 2900. Let p be v(-34). Give q(p).
12
Let d(m) = -3*m - 6*m + 11 + 32 - 77 + 5*m + 10. Suppose -3*b - 22 - 8 = 0. Calculate d(b).
16
Let x be 1/5 + 2316/(-180)*21. Let w = x - -282. Let p(a) = -a**3 + 11*a**2 + 13*a - 13. What is p(w)?
-1
Let s(u) = -2*u - 3881 - 3884 - 3*u + 4*u + 775